
Suppose -2*o = 4*y - 2*y - 384, 3*y - 4*o - 555 = 0. Suppose 8*m = 3*m + 315. What is the greatest common factor of m and y?
63
Let i(b) = b**3 + 19*b**2 - 22*b + 59. Let o be i(-20). Let g be (55 - (-6 + 2)) + -4. What is the greatest common divisor of o and g?
11
Let q(m) = m**2 + 22*m + 51. Let v be q(-21). Let f be (-4)/(-10) - -1818*21/v. Calculate the greatest common divisor of f and 19.
19
Let c be (275/110)/(2/(-4)). Let y(p) = 5*p**2 - 2*p + 12. Let f be y(c). What is the greatest common divisor of f and 196?
49
Let v be 392/35*210/49. What is the highest common factor of 9168 and v?
48
Suppose 4*h + 5*i - 3031 = -0*h, -h + 2*i + 748 = 0. Let s = h + -402. Calculate the highest common factor of s and 11.
11
Let u = -65 + 62. Let b be 30/((u - -4) + 1). Let q be b*(-2 - 1)/(-3). Calculate the highest common factor of 3 and q.
3
Let f = 98 - 184. Let n = f - -88. Suppose -n*c + 156 = -4*l + 9*l, 3*l - 3*c = 102. What is the highest common factor of 48 and l?
16
Let h(a) = 57*a**2 + 174*a + 13. Let y be h(-3). Suppose -10 = -c - 0. What is the greatest common divisor of y and c?
2
Suppose -4 + 0 = 4*n. Let j be (6/((-30)/(-35)))/n. Let p(d) = d**2 + 4*d + 3. Let m be p(j). What is the highest common divisor of m and 36?
12
Let h be (-5)/(-20) - 266/8. Let f = h + 57. Let z be (42/9)/(16/f). What is the greatest common factor of 7 and z?
7
Let t = -1989 + 2059. What is the greatest common divisor of t and 455?
35
Let s = -732 + 750. Let x(u) = u. Let t be x(4). Suppose 0*c + 108 = t*c. Calculate the greatest common factor of c and s.
9
Let a be (-45)/30*(-16)/6. Suppose 420 = a*t - 188. Calculate the greatest common factor of t and 19.
19
Suppose -16*u = -1024 - 11296. Calculate the greatest common factor of 70 and u.
70
Let o = -9214 + 9234. What is the highest common divisor of o and 3885?
5
Let b be ((-9)/(-21))/((-2)/28*-2). Let t(n) = 8 - 20*n**b - 3 - 3*n - 1 - 6. Let z be t(-1). What is the greatest common divisor of 21 and z?
21
Let o(l) = -10*l + 15. Let k(s) = -11*s + 12. Let f(i) = 4*k(i) - 5*o(i). Let v be f(14). Calculate the highest common factor of v and 3.
3
Suppose -14 = -k + 10. Let i(o) = -2*o + 8. Let n be i(0). Suppose -n*b + 364 + 980 = 0. What is the greatest common factor of k and b?
24
Suppose 44*a + 506 = -418. Let l(r) = -43*r - 178. Let z be l(a). What is the highest common divisor of z and 58?
29
Let j be (-742)/5 - (-2)/5. Let y = -144 - j. Suppose -p + 3*u - 7*u + 220 = 0, y*p + 5*u = 913. Calculate the greatest common factor of p and 29.
29
Let x be (4 + 5 + 7/(-1))*2172. What is the highest common divisor of 168 and x?
24
Let r be 0/(-1) + 5 + 1*-1. Let w(y) = -y**2 - 3*y + 6. Let p be w(-5). Let z be p*-2*15/12. What is the greatest common factor of z and r?
2
Let r = 94 - -36. Let g be ((-40)/320 - (-622)/(-16))*(-4)/3. Calculate the highest common factor of r and g.
26
Suppose -950 = -23*k - 81 + 28. Let u be 78/4*(-22)/(-1). Calculate the greatest common factor of k and u.
39
Suppose 26*i - 21*i = -3*o + 187, -4*o + 241 = 5*i. What is the highest common divisor of o and 3096?
18
Suppose -4*n - 20 = -2*m, -3*m + m + 2 = 2*n. Let z be 9 - ((-6)/n)/(-2). Suppose 4*v + 56 = 181 + 195. Calculate the highest common divisor of z and v.
10
Let t(q) = 7*q + 4. Let z be t(8). Let b(d) = -2*d**3 - 44*d**2 - 175*d + 5. Let g be b(-17). Calculate the highest common divisor of z and g.
30
Suppose 31 = 17*q + 14*q. Suppose 0 = -m - 6*b + 5*b, -2*m + b = -12. Calculate the highest common divisor of q and m.
1
Let j(l) = 7*l + 85. Let o(a) = 10*a + 260. Let u be o(-27). Let z be j(u). Calculate the greatest common divisor of z and 480.
15
Suppose 1341*z = -u + 1337*z + 88, u + z = 94. What is the greatest common factor of u and 6?
6
Let z = -698 + 679. Let f(x) = -38*x - 171. Let h be f(z). What is the greatest common factor of 19 and h?
19
Let z be (2/(-4))/(8/(-2096)). Suppose t = 3, 0 = -5*o - 2*t + 5*t + z. Calculate the greatest common divisor of 448 and o.
28
Let p be 1/2 - (335/(-2) - 0). Let n(l) = -l**2 + 30*l + 1351. Let q be n(51). Calculate the highest common factor of q and p.
56
Let k(w) = 3*w**2 + 5*w + 6. Suppose 0 = 4*l + 10 - 2. Let q be k(l). Suppose -5*u + q*u = 90. What is the greatest common divisor of u and 5?
5
Suppose y - 20844 = -5*g, 344*g - 2*y = 345*g - 4167. What is the highest common divisor of 11 and g?
11
Suppose -415 - 6273 = -5*p - 6*p. Let f(z) = -37*z**3 - 2*z - 1. Let m be f(-1). What is the greatest common divisor of p and m?
38
Let t(o) = -8. Let m(y) = 32*y + 111. Let i(a) = m(a) - 3*t(a). Let w be i(-4). Calculate the greatest common factor of 28 and w.
7
Let k = -1050 + 1054. Calculate the greatest common divisor of 5164 and k.
4
Suppose -3*a = -6, -4*b + 600*a + 82 = 602*a + 2. Let s be ((-2)/(-4))/((-1)/(-152)). Suppose -2*j = 2*j - s. What is the greatest common divisor of j and b?
19
Let r = -187 - -191. Let f(y) = 34*y - 31. Let z be f(r). Calculate the greatest common factor of 70 and z.
35
Let x be 2 - 4/(-2) - 15. Let d be x/(-33) + ((-5)/(-3))/1. Suppose 0 = -0*u - 2*u + 36. Calculate the highest common factor of u and d.
2
Suppose 0 = 4*s - 12, 2*f + s = -3*f + 83. Let b = -6 - -2. Let o be 2596/18 - b/(-18). Calculate the greatest common factor of o and f.
16
Suppose 73*z = u + 74*z - 41, 3 = -z. Calculate the highest common divisor of u and 1562.
22
Let o = -2359 + 2412. What is the highest common divisor of 53 and o?
53
Suppose -78*m + 203*m - 102*m - 240327 = 0. What is the greatest common divisor of m and 258?
129
Suppose 194*r = m + 189*r - 400, -4*r - 776 = -2*m. Calculate the greatest common factor of 8284 and m.
76
Suppose 22*v - 76967 + 74987 = 0. Calculate the greatest common divisor of v and 10050.
30
Suppose -2*y - 7*y = 3*y - 54756. Calculate the greatest common factor of 243 and y.
27
Let u = 2083 + -2038. What is the greatest common factor of u and 1500?
15
Suppose -22*x - 5*x = -324. Let q(w) = 100*w + 4. Let j be q(8). Calculate the highest common divisor of j and x.
12
Let x = -437 + 345. Let k be (1 + -1)/(7 - 9) - x. What is the greatest common divisor of k and 322?
46
Let m(o) = -2*o**3 + 14*o**2 - 2*o + 38. Let w be m(7). Calculate the greatest common factor of 136 and w.
8
Let z = -1242 + 1326. Calculate the greatest common factor of 84756 and z.
84
Suppose 2*f - 400 = -3*f. Let g = -36 + f. Suppose 0 = -3*v + 8*v - 660. Calculate the greatest common divisor of g and v.
44
Suppose -4*y = -4*x - 20, 3*x - 2 + 5 = 0. Suppose k - 22 = -r, 2*r + 110*k - 41 = 109*k. Suppose -r + 71 = y*s. What is the greatest common factor of s and 52?
13
Suppose 36 = 111*f - 108*f. Suppose -108 = -2*p - 5*a, -180 = -4*p - 13*a + f*a. Calculate the greatest common factor of 1276 and p.
44
Suppose -17*d + 15*d = -6. Suppose -7*g - d = -31. Suppose -5*z + 112 = g*n - z, -86 = -3*n - 4*z. What is the greatest common divisor of 234 and n?
26
Let l(i) = 208*i - 2074. Let h be l(10). Calculate the highest common factor of 4506 and h.
6
Let v(q) = 2*q + 17. Let f = -247 + 243. Let y be v(f). What is the highest common factor of y and 423?
9
Let z = -274 - -283. Let v be -87*(-3)/z*5. What is the greatest common factor of 87 and v?
29
Suppose 540 = -54*n + 57*n. Suppose n*s = 188*s - 280. What is the greatest common factor of s and 595?
35
Let w(n) = -n**3 + 33*n**2 - 34*n + 105. Let o = 136 + -104. Let d be w(o). What is the greatest common factor of 82 and d?
41
Suppose 4555 = 26*b + 1435. Suppose 420 = 2*c + c. What is the highest common divisor of c and b?
20
Let g(x) = -x**2 - 54*x + 375. Let b be g(-48). Calculate the highest common factor of b and 52.
13
Let f = -51 - -53. Suppose 8 = 2*w + 4*z - 92, 3*z - 99 = -f*w. What is the greatest common factor of 168 and w?
24
Let h = -13 - -46. Suppose -3*r - 40 = 158. Let c = r + 69. What is the highest common divisor of c and h?
3
Let y(c) = -c**3 + 5*c**2 + 14*c - 12. Let g be 20/(-50) + (-64)/(-10). Let t be y(g). Calculate the greatest common divisor of t and 612.
36
Let o be 70*-21*(-78)/315. Suppose 2*r - s - 56 = -3*s, -5*r + 140 = -s. Calculate the highest common factor of o and r.
28
Let g(i) = -21*i + 2613. Let r be g(77). Calculate the highest common divisor of 20 and r.
4
Let v(h) = -44*h - 2433. Let p be